Evaluate 4 - (7 + (-1 - (2 + 0))).
0
7 - (-1 + 6) - -2
4
Calculate -6 + 0 + 1 - (-4 + -6).
5
1 + 3 + 0 + 1 + -10
-5
What is the value of -1 - (-2 - -3 - 0)?
-2
What is the value of -1 - 13 - -17 - (0 - 1)?
4
What is -5 + (10 - 5 - 3) + 5?
2
Evaluate 3 - ((-4 + 8 - 3) + -2).
4
Evaluate -3 + (0 - -7) + -3 + 0.
1
What is (4 - 1 - 0) + 5 + -4?
4
What is the value of (1 - (-4 - -9)) + 2?
-2
11 + -2 + -13 - 2
-6
Calculate (74 - 72) + -9 + -1 + 2.
-6
What is -5 + -9 - (-5 - 2) - 2?
-9
What is the value of 6 + (7 - (0 + 7))?
6
Evaluate (2 - 6) + 7 + 0 + -5.
-2
Evaluate 0 - 2 - 3 - -4.
-1
What is the value of -4 - (12 + -15) - -9?
8
Evaluate 5 + (-2 - 1) + 3.
5
Calculate 0 + -3 + -7 + (-5 - -14).
-1
Calculate 4 + (1 - 0) + (1 - 1).
5
What is the value of -9 - (-2 + 7 + -2) - -6?
-6
-4 - (0 + 4 - (-1 - -9))
0
What is 1 + 5 + -2 + (1 - 0)?
5
Evaluate 2 + 3 + -2 - (-3 - 0).
6
Evaluate (64 - 69) + -1 + 9 - 8.
-5
What is 12 + (-8 - (3 - 5))?
6
What is (-2 - (1 - 7)) + -3 + -6?
-5
What is the value of (-6 + 10 - 15) + 8?
-3
Calculate -5 + (3 - (-2 - 0)).
0
7 + (-53 - -44 - (0 - 3))
1
Evaluate -5 - (2 - 0 - 6).
-1
What is -14 + 10 + 7 + -3?
0
Evaluate -3 - (1 + 5 + -10).
1
Evaluate -59 - -61 - (-1 + 4 + -1).
0
(-1 - (-2 - -4 - 3)) + 5
5
3 + -8 - (-4 + -2 + 4)
-3
What is -7 + 0 - (7 + (9 - 12))?
-11
What is the value of -26 - (-13 - -1) - -12?
-2
Calculate (1 - 6 - -5) + (-3 - -10).
7
Evaluate 8 + -11 - 2 - -13.
8
Evaluate -12 + 17 - (1 + 8).
-4
1 - -2 - ((0 - 4) + 3)
4
Calculate 1 + 4 + (-9 - 4 - -4).
-4
Calculate 6 + -1 - (-27 + 37).
-5
What is 0 - (0 + -3 + 2 + -2)?
3
What is -4 - (4 + (0 - 5)) - -9?
6
What is 6 - 2 - (-8 - -13)?
-1
Evaluate 5 + -7 + -3 + 4.
-1
What is the value of -1 + 0 + 3 + 1?
3
What is 25 + -20 - (-4 - -6 - 4)?
7
Evaluate (-4 - -11 - 1) + -7.
-1
Evaluate -2 - (-4 - -6) - (-6 + 3).
-1
0 + -6 - -3 - -4
1
Calculate 3 - (4 + 1 - 6 - -2).
2
Calculate -10 + 9 + -4 + 2.
-3
Evaluate 2 + (0 - (-1 - (-6 - -3))).
0
What is (4 + -1 - 2) + -6 + 3?
-2
What is the value of 1 + -2 + (7 - 6) + -1?
-1
What is the value of -1 + 1 - 6 - (-115 - -109)?
0
Calculate (-3 - 0) + (25 - 25).
-3
What is the value of 2 - ((1 - -3) + -22 + 17)?
3
What is 2 + (4 - 0) + -1 + -4?
1
What is the value of -22 + 20 + -5 + -1 - -2?
-6
Evaluate -5 + 4 + -1 + -2.
-4
What is the value of 8 + (8 - (12 - -5))?
-1
What is the value of 0 + 1 + -5 + (0 - -8)?
4
13 + 1 + (12 - 20)
6
Evaluate -1 + -3 + -7 + 15.
4
Evaluate 16 + -30 + 19 + -13 + 1.
-7
Calculate -97 - -97 - (-3 + 2 - -7).
-6
What is -3 - (1 + -3 - 1)?
0
-1 + 3 + 3 - 1
4
Calculate -35 + 29 + (15 - (0 + 1)).
8
What is the value of 4 + -6 + 9 + -3 - 4?
0
Evaluate -2 + 2 + -2 + -9 + 11.
0
Evaluate 12 - (2 - (-7 - -7 - 6)).
4
(-2 - 1) + (-3 - (1 + -7))
0
What is -5 + -6 + (-3 - -4) + 15?
5
Calculate (1 - 3) + (1 - 2 - 1).
-4
Calculate 6 + -9 + 2 + 7.
6
What is the value of -1 + 1 - 1 - -3?
2
3 - -1 - (21 + -18) - 6
-5
1 + -5 - (33 - 39)
2
What is the value of 0 - ((5 - -5) + -9)?
-1
-2 - (2 + -2) - 0
-2
Evaluate 10 + -1 + (34 - 42).
1
25 + -28 + -2 + 0
-5
What is -3 - (0 + 2 - (-5 - -6))?
-4
Evaluate 0 + -4 + -1 + 2.
-3
2 - 1 - -1 - 6
-4
(-2 - -4) + -3 + (-2 - -7)
4
What is the value of 8 + -17 + 6 + 5?
2
Calculate (-3 - -4) + 6 - 2.
5
What is the value of (4 - (-13 - -6) - 1) + -5?
5
Calculate 2 - (3 + (5 - 1)).
-5
-12 + (-14 - -18 - -4)
-4
What is the value of (11 - 4) + -5 - 2?
0
Evaluate (-1 - (-3 - -2)) + -4.
-4
What is 3 - (-6 + -5 + 8)?
6
What is (18 - 10) + 12 + -10?
10
-9 + (8 - 3) + 7
3
What is (2 - 1) + (0 - (-1 + 3))?
-1
Calculate -2 + (-8 + 7 - 2).
-5
(1 - -3) + (8 - -2) + -14
0
What is the value of (-8 + 11 + -10 - -14) + -12?
-5
Evaluate 3 + -9 + 16 - 11.
-1
Calculate (4 - 6) + (2 - -6).
6
1 + (0 - (-3 - -5) - -7)
6
(-3 + -5 - (0 - 5)) + -4
-7
What is 0 - (-3 + -4 + 6 + -1)?
2
What is the value of -10 - (3 - 7 - 1)?
-5
Evaluate 1 + 5 + -1 - (-4 - -13).
-4
Calculate 17 + -3 + -3 - (-5 - -10).
6
Calculate 5 + (4 - (8 - 5)).
6
-2 - 12 - (64 - 76)
-2
Calculate 5 + 15 + -3 + (-6 - 2).
9
0 + 2 - 6 - (-5 - -2)
-1
Calculate 2 + -3 + 4 + -3 - 3.
-3
What is the value of 8 + (-7 - -3 - -3)?
7
Calculate 3 - (6 + (-1 - 3) + 0).
1
(-1 - -3) + (-4 + 8 - 5)
1
Evaluate 0 + (2 - (3 + 1 - 0)).
-2
Evaluate (0 + 0 - -2) + (23 - 20).
5
What is the value of 10 + -8 + -1 - 6?
-5
What is -8 - -4 - (1 + -5)?
0
Evaluate -7 - -1 - (2 + -5 - -1).
-4
Calculate -2 + 5 + 0 - (11 - 3).
-5
What is the value of -1 - -2 - (11 + -8)?
-2
Calculate 1 - (-1 + 5) - (1 - 1).
-3
Evaluate 4 - (-3 + -2 + 10) - -7.
6
Evaluate 1 - (0 - (1 - 0)).
2
Evaluate -12 + -1 + 4 + 3.
-6
(-1 - 2) + 1 + -3 - -3
-2
What is the value of -9 + 4 + (-3 - 1) - -2?
-7
(-5 + 7 + -7 - -6) + 2
3
Evaluate -2 + -2 - (-3 - 5).
4
Evaluate -3 + 0 + 5 - (5 - 1).
-2
Calculate -2 - -6 - (5 + -2).
1
What is the value of -9 - (-11 + 5) - (1 - 0)?
-4
Calculate 11 + -7 - (1 + 0 - 1).
4
What is the value of -2 - (0 + -5 - 0)?
3
What is (7 - (-4 - -5)) + (-3 - 6)?
-3
Evaluate -4 + -2 + -2 - (-11 + 7).
-4
What is the value of (-3 - (2 + -1)) + -16 + 24?
4
-3 - (-6 + 3 + 2)
-2
Calculate -5 - (4 - (9 - -3)).
3
Evaluate -5 + 2 + 7 + -14 + 6.
-4
Evaluate -15 + 15 + (-3 + 2 - -3).
2
Calculate -1 + (4 - 0 - 6).
-3
Calculate (-4 - -3) + -6 + (2 - -3).
-2
Calculate (2 - (-9 + 8)) + -11.
-8
Calculate 1 + -4 - (0 + 0 - 5).
2
Evaluate -11 + (5 - -7) - (2 - 8).
7
Calculate (-10 - -2) + 6 + (1 - -1).
0
What is the value of 1 + 0 - (-17 - -2 - -13)?
3
Evaluate -13 - (-16 - -5) - -4.
2
Evaluate 8 + (-7 - 0) - (2 - 6).
5
4 + (-6 - -5) - (0 - 1)
4
Evaluate 2 + (-6 - (-2 - 1)).
-1
5 - 5 - -8 - 5
3
Calculate 0 - 1 - -3 - 2 - 0.
0
What is the value of (-1 - -3) + (-1 - (4 - 1))?
-2
0 + -1 + 7 + -1 + -5
0
Evaluate 5 - 0 - 7 - -1.
-1
-8 - (12 + -7) - -22
9
What is the value of -3 - 1 - (-6 - -5)?
-3
What is 0 + (-2 - -1) + 2?
1
Evaluate -3 + (-1 - 4) + 5.
-3
What is 3 - 7 - (2 - 11)?
5
What is the value of -8 + (-3 + -5 - -23)?
7
-1 + -3 - (0 - 7)
3
8 - 4 - (-2 - (-3 + -2))
1
What is 8 + 13 + -25 - (-2 + -2)?
0
What is (14 + -9 - 5) + -7?
-7
-8 + (2 - (1 + 1 + -3))
-5
Evaluate -3 + 7 + (1 - 5) + -3.
-3
What is -1 - (4 + -7) - (-39 - -48)?
-7
What is -11 + 5 + -10 + 13?
-3
What is -4 + 1 - (-13 + (-2 - -7))?
5
What is the value of (5 - (-21 - -24)) + (2 - 10)?
-6
Evaluate -2 + -1 - (-7 - (-8 + 3)).
-1
What is -2 + (-1 - (-2 + -10) - 0)?
9
Calculate (36 - 40) + (-2 - (0 + -4)).
-2
What is -21 - -17 - (2 + -4)?
-2
Evaluate 0 + -12 + 8 - (-1 - -2).
-5
What is the value of 5 + (-1 - -1 - 0 - 2)?
3
2 + (0 - 6) + 3
-1
3 - (-3 + -2 + 3)
5
What is the value of -6 + (-2 - (3 - 10))?
-1
Evaluate 4 + 7 + (-14 - -2).
-1
What is the value of -6 + (4 + -11 - -10)?
-3
Calculate 2 + (0 - 1) + 37 + -37.
1
What is the value of (6 - (9 - 7)) + (-1 - 0)?
3
What is the value of 6 + (5 + -8 - -1)?
4
Evaluate (11 - 3 - 2) + -4 + 3.
5
Evaluate -2 + (-3 - (1 - -2) - -4).
-4
Evaluate 4 - (4 + -1 - -3).
-2
Calculate 3 + -7 - (-4 + 0 - 0).
0
8 + (6 - (13 + -6))
7
Evaluate 9 + -11 + (1 - 4).
-5
Evaluate (-1 + -13 - -3) + (-4 - -9).
-6
What is (-4 - 0 - -1) + (-37 - -36)?
-4
What is the value of 1 - (8 + 0) - (-82 - -78)?
-3
What is (-1 - -2) + (3 - 0) + -3?
1
What is 6 - (16 - 9 - -1)?
-2
What is -5 + (4 - 1) + (2 - -3)?
3
0 + -2 + (-10 - -17)
5
What is -4 + 5 + -4 + 1 + 1?
-1
Evaluate -1 - (2 + -2 + 1) - 2.
-4
Calculate -9 + 4 + 5 + 8.
8
What is the value of 10 + (-12 - -7 - 1)?
4
Calculate -8 + 9 + -5 + -1.
-5
Calculate -4 - (-4 + -2 + (0 - -2)).
0
-30 + 34 - (-1 - -1)
4
Evaluate -2 - (0 + (5 - 8)).
1
3 - (12 - (0 - -4))
-5
Evaluate 0 + 4 + (9 - 15).
-2
0 - (3 - (0 - 3 - -3))
-3
What is 1 - 3 - (-11 + 10 - 1)?
0
4 + -10 + 5 - -4
3
Calculate -4 + (2 - (-3 - -3)) - -10.
8
Evaluate 1 - (-3 - -6) - (9 + -6).
-5
Calculate -41 + 48 - (1 - -4 - -3).
-1
What is 9 + -8 + 17 + -17?
1
Calculate -8 + 6 + (1 - 3).
-4
What is the value of 0 + (3 - (-1 - -2))?
2
What is the value of (5 + -9 - -4) + -2?
-2
-4 + (1 - -6 - 0)
3
What is 13 + -4 + (-5 - 2)?
2
Calculate 4 + 5 + (4 - (9 + 2)).
2
What is 6 + -3 + 5 + (1 - 6)?
3
Evaluate (-10 + 8 - -9) + 0.
7
-3 + -3 - (2 + -11)
3
-1 + (0 - 0) - (-938 - -944)
-7
Evaluate 0 + 2 - 0 - (-6 - -9).
-1
Evaluate -7 + (-4 - (-15 + 9)).
-5
What is the value of (-4 + -2 + 7 - 7) + 7?
1
-4 - (-14 - -11 - -5)
-6
Evaluate